-5*w - h + 9565 = 0, -w + 16*h = 20*h - 1913. List the prime factors of w.
1913
Suppose -35*q + 16 = -31*q. Suppose -2 + 58 = q*o - 5*a, 30 = 2*o - 2*a. List the prime factors of o.
19
List the prime factors of ((-6)/12)/(3*(-1)/3594).
599
Let p(d) = 2*d**2 + 11*d - 4. Let g be p(8). Suppose -g = -7*c + 292. List the prime factors of c.
2, 3
Suppose 15 = 2*s - 3*s. Let m = s - -68. Let r = m + -35. What are the prime factors of r?
2, 3
Suppose 4*h - 16 = 0, 8 = 4*x + h + 4*h. Let i be -26 + (-9)/(6 + x). Let s = 68 + i. List the prime factors of s.
3, 13
Let n(c) = -c**3 + 11*c**2 + 35*c - 45. List the prime factors of n(9).
2, 3
Suppose 4*y + j - 523 = 0, -4*j - 528 = 7*y - 11*y. List the prime factors of y.
131
Suppose -16 = z - 2*p, -8 = -2*z - 0*z - 4*p. Suppose -3*q + q + 100 = -4*a, -4*a = 3*q + 120. Let r = z - a. List the prime factors of r.
3, 7
Suppose -b - 4 = -3*b. Suppose 75 = r - 2*d, 3*r - 4*r - b*d = -79. What are the prime factors of r?
7, 11
List the prime factors of ((-35)/7 + -1285)*1/(-2).
3, 5, 43
Let h be (-1 - -6)*(-244)/(-20). Let b = -9 + h. What are the prime factors of b?
2, 13
Let b(g) = g**3 - 5*g**2 - 4*g - 7. Let t be b(6). Suppose -3*q + d = 18 + 4, -t*q = -3*d + 38. What are the prime factors of (-228)/(-133) + (-2)/q?
2
Let v(r) = 2*r - 2*r + 28*r**2 + 74*r**2 + 2 - 4*r. What are the prime factors of v(1)?
2, 5
Let o = 479 - -437. What are the prime factors of o?
2, 229
Suppose 0*x - 5*x = -10. Suppose -x*i = -i. Suppose -g = -i - 7. What are the prime factors of g?
7
Let y = 274 + 4953. List the prime factors of y.
5227
Let s be (-1054)/8 + 4/(-16). Let c = 333 + s. List the prime factors of c.
3, 67
Suppose 2*i - 38 = 3*j, -5 = j + i + 1. List the prime factors of (-18)/(-90) + (-788)/j.
79
Suppose -64*p + 32*p + 41408 = 0. What are the prime factors of p?
2, 647
Let q be (1 - 0) + -11 + 13. Suppose q*w + 14 = -28. What are the prime factors of (36/w)/((-21)/392)?
2, 3
Let q(h) = 13*h**3 - 4*h**2 + 16*h + 26. What are the prime factors of q(6)?
2, 7, 199
Suppose -3*o + 199 = 2*p - 2802, 0 = o + 3. What are the prime factors of p?
5, 7, 43
Suppose 4*b = 3*i + 17, -i = 2*i - 3*b + 15. What are the prime factors of (5 + 26)*(-2 - i)?
31
Suppose 4*v = -3*g + 1563, -9*g = -4*g + 2*v - 2591. List the prime factors of g.
11, 47
Suppose 13 = -3*g + 2*i, 3*i = -5*g - i - 29. Let x(p) = 7*p**2 - 17*p - 10. What are the prime factors of x(g)?
2, 5
Let v be 3/(-15) - (-41)/5. Suppose 155 = v*i - 3*i. Suppose -i = -y - 14. List the prime factors of y.
17
Let n be (-25)/(-50) - (6/(-4) - 1). Suppose -4*a - 794 = -9*a - 4*h, -n*a + 2*h = -472. List the prime factors of a.
2, 79
Let t = -12 - -9. Let u(z) = 3*z**3 - 3*z**2 - 2*z. Let x be u(t). What are the prime factors of (x/18)/((-2)/6)?
17
Let n(k) = -k**2 - 7*k - 3. Let z be n(-8). Let q = z - -19. List the prime factors of q.
2
What are the prime factors of 32832/10 + 155/(-25) + 6?
7, 67
Suppose 0 = 5*k + 5*a - a - 70, 5*a = -3*k + 42. Let z = -2 - -6. Suppose 0 = -z*d, 3*o + k = 4*o - d. List the prime factors of o.
2, 7
Suppose 4*h - 2 = 6. Let a(p) = -4*p + 14 - p**h + 3*p - 10*p**3 + 9*p**3. What are the prime factors of a(0)?
2, 7
Let o(q) = -88*q + 65. What are the prime factors of o(-7)?
3, 227
What are the prime factors of (0 + 3)/((-1)/(-46)*3)?
2, 23
Suppose -m + 5 + 0 = 0. Suppose -2*f + 3*b + 81 = 0, m*f - 5*b - 175 = -3*b. What are the prime factors of f?
3, 11
What are the prime factors of 2811 + (-15)/(-25)*5?
2, 3, 7, 67
Let m = 19 - 14. List the prime factors of ((-32)/(-4))/(-4 + m).
2
Suppose 4*d = -4*g + 8*g - 1836, 3*d = 0. What are the prime factors of g?
3, 17
Suppose -2*i - 4*a + 8 = -8, -4*i + 53 = a. Suppose -8*h + h + i = 0. What are the prime factors of h?
2
Let b(n) be the third derivative of n**5/12 - 17*n**4/24 + 5*n**3 + 32*n**2. What are the prime factors of b(6)?
2, 3
Suppose 4*o - 84 = -2*v, 0*v = 5*v - o - 243. Let r = v - 17. Let b = r + 25. List the prime factors of b.
2, 7
Let w(q) = 6*q**2 + 2*q + 3. Let z(l) = -5*l**2 - 2*l - 3. Let h(d) = -4*w(d) - 5*z(d). What are the prime factors of h(8)?
83
Let v(h) = -h**2 + 2. Let c be v(0). Let a(f) = 2*f**3 + f**2 - f. Let l be a(c). Let u = l - 4. List the prime factors of u.
2, 7
Suppose -3*g + 6 + 6 = 0, 1096 = 5*w + 4*g. List the prime factors of w.
2, 3
Let w be 1/(4 - (-1748)/(-436)). Let h = w - -219. List the prime factors of h.
2, 5, 11
Suppose -30*t + 34*t = 924. What are the prime factors of t?
3, 7, 11
Suppose 31 = h + 30, 5*h - 29800 = -5*a. List the prime factors of a.
59, 101
Let c(u) = 189*u - 9. What are the prime factors of c(2)?
3, 41
Let z = 2 - -2. Suppose z*m - 3*d - 4 = 0, 2*m + d - 8 = m. Suppose m*s - 215 = -s. What are the prime factors of s?
43
Suppose -3*i + 8*i = -35. Let g = 3 + i. What are the prime factors of 8/4*(-10)/g?
5
Let c(n) = -n**2 - 11*n + 3. Let p be c(-10). Let z = 13 - p. Suppose z*v = 3*v - 114. List the prime factors of v.
2, 19
Let h be -2 + 0/(-4) - -4. Suppose 0 = -h*c + 60 + 50. What are the prime factors of c?
5, 11
Let m = -3 - -6. Let z = m - 3. Suppose 0*l - 5*l + 115 = z. What are the prime factors of l?
23
Suppose 76*s - 89*s = -3471. What are the prime factors of s?
3, 89
Suppose -4*c = 4*o - 180, 3*o + 198 = 5*c + 13. What are the prime factors of -2 - ((-6632)/c - 1/5)?
2, 41
Let c = -13 - 17. Let x = c + 26. List the prime factors of x/24*4*-30.
2, 5
Suppose 3*v = -5*q + 7*q - 842, 5*q + 4*v = 2151. What are the prime factors of q?
7, 61
Let p(v) = v**3 - 6*v**2 - 5*v - 10. Let s be p(7). Let d(w) = -4 + 0*w**2 + 7 - 8*w**3 + 3*w - w**2 - s*w. List the prime factors of d(-2).
5, 13
Let o = 3 - -1. Suppose o*j - 338 = -a + 95, -4*a = -4. What are the prime factors of j?
2, 3
Suppose 8*a + 895 = 2439. List the prime factors of a.
193
Let b(t) be the second derivative of 283*t**4/12 + t**3/6 - t**2 + 41*t. What are the prime factors of b(1)?
2, 3, 47
Let k(d) = d**3 - 9*d**2 + 13*d + 14. Let o be k(7). Let w(l) = 7*l - 22. Let z(b) = 13*b - 43. Let t(m) = 11*w(m) - 6*z(m). What are the prime factors of t(o)?
3
Let v(o) = 14*o + 2. Let u be v(-4). Let g = 60 - u. Suppose -4*h - 2*d = -0*h - g, h - 46 = 3*d. List the prime factors of h.
31
Let h(p) = 3*p + 136. List the prime factors of h(7).
157
Let t(s) = s**3 - 3*s**2 - 3*s + 5. Let l be t(4). Let b(n) = -n**2 + 11*n - 2. Let w be b(l). Let a = 29 - w. What are the prime factors of a?
13
Let w(r) = 14*r**2 - 14*r + 64. List the prime factors of w(8).
2, 53
Let v = 1549 + -1376. List the prime factors of v.
173
Let y be (-6)/(-33) + (-93)/(-33). Suppose 5*g + 3*z - 131 = 0, -2*z = g + y*z - 35. Suppose 0*m = -m + g. List the prime factors of m.
5
Let h(t) = t**3 + 16*t**2 - 2*t + 13. Let r be h(-16). Suppose -r*q + 48*q = 30. What are the prime factors of q?
2, 5
Let v = -1993 + 3719. What are the prime factors of v?
2, 863
Let u = 210 + 367. What are the prime factors of u?
577
Let c(q) = 511*q**2 + 7*q - 8. What are the prime factors of c(1)?
2, 3, 5, 17
Let r = 684 - 385. List the prime factors of r.
13, 23
Let x(i) = 81 - 2*i - 80 + 18*i - 2*i. Let h(c) = -c**2 + 4*c + 1. Let r be h(4). List the prime factors of x(r).
3, 5
Let n be (-2 + 54)*(-2)/8*-2. Suppose -n*f = -18*f - 1216. What are the prime factors of f?
2, 19
Suppose 108*x = 104*x + 188. What are the prime factors of x?
47
Let h(w) = 4*w. Suppose -4*q + 4 = -0*q. Let g be h(q). Suppose -34 = -g*t + 10. What are the prime factors of t?
11
Let b = -8 + 10. Suppose -b*y + 112 = -6*y. Let a = 39 + y. What are the prime factors of a?
11
Let d(h) = 9*h**3 - 5*h**2 - 18*h + 72. What are the prime factors of d(5)?
2, 491
Suppose 4*u + 4*s - 80 = 0, -u - 2*s + 32 = 3*s. Suppose 3*l - u = 127. List the prime factors of l + -6 + 1 + 2.
3, 5
Suppose -1 = 2*i - 9, -5*i + 2561 = 3*s. What are the prime factors of s?
7, 11
Suppose -5*f + j = -0*j - 373, 12 = -4*j. Suppose -2*h + 18 = -u - f, u + 182 = 4*h. List the prime factors of h.
3, 5
Suppose 18*s = -0*s + 108. List the prime factors of 2/s + 887*4/12.
2, 37
Let c(g) = 2*g**2 - 5*g + 2*g + g**2 + g + 19. List the prime factors of c(-5).
2, 13
Let h = -26 - -345. What are the prime factors of h?
11, 29
Let g = 101 + -22. Suppose 1386 = 4*r + z, -g + 419 = r - 3*z. List